{"id":6497,"date":"2021-04-04T21:12:40","date_gmt":"2021-04-04T19:12:40","guid":{"rendered":"https:\/\/mamiloubullesdereve.ovh\/?page_id=6497"},"modified":"2021-04-21T13:50:22","modified_gmt":"2021-04-21T11:50:22","slug":"avec-alfred","status":"publish","type":"page","link":"https:\/\/mamiloubullesdereve.ovh\/?page_id=6497","title":{"rendered":"Avec Alfred"},"content":{"rendered":"\n<p>Alfred, (prononcer \u00ab\u00a0Alfrid\u00a0\u00bb) c&rsquo;est le nom donn\u00e9 par Elise et Marah, nos petites filles allemandes, \u00e0 la petite maison sur roues qui doit nous accompagner dans nos escapades.<\/p>\n\n\n\n<figure class=\"wp-block-image size-large\"><img loading=\"lazy\" width=\"1024\" height=\"632\" src=\"https:\/\/mamiloubullesdereve.ovh\/wp-content\/uploads\/2021\/04\/20210321_181747bis-1024x632.jpg\" alt=\"\" class=\"wp-image-6509\" srcset=\"https:\/\/mamiloubullesdereve.ovh\/wp-content\/uploads\/2021\/04\/20210321_181747bis-1024x632.jpg 1024w, https:\/\/mamiloubullesdereve.ovh\/wp-content\/uploads\/2021\/04\/20210321_181747bis-300x185.jpg 300w, https:\/\/mamiloubullesdereve.ovh\/wp-content\/uploads\/2021\/04\/20210321_181747bis-150x93.jpg 150w, https:\/\/mamiloubullesdereve.ovh\/wp-content\/uploads\/2021\/04\/20210321_181747bis-768x474.jpg 768w, https:\/\/mamiloubullesdereve.ovh\/wp-content\/uploads\/2021\/04\/20210321_181747bis-1536x948.jpg 1536w, https:\/\/mamiloubullesdereve.ovh\/wp-content\/uploads\/2021\/04\/20210321_181747bis-2048x1264.jpg 2048w\" sizes=\"(max-width: 1024px) 100vw, 1024px\" \/><\/figure>\n\n\n\n<p>Petites escapades en France ou plus grandes escapades en Europe, selon la m\u00e9t\u00e9o, selon notre humeur&#8230; et en tenant compte des contraintes sanitaires du moment.<\/p>\n\n\n\n<p>Comme nous l&rsquo;avons fait pour notre voyage au long cours, nous avons d\u00e9cid\u00e9 de partager ces nouvelles d\u00e9couvertes .<\/p>\n","protected":false},"excerpt":{"rendered":"<p>Alfred, (prononcer \u00ab\u00a0Alfrid\u00a0\u00bb) c&rsquo;est le nom donn\u00e9 par Elise et Marah, nos petites filles allemandes, \u00e0 la petite maison sur roues qui doit nous accompagner dans nos escapades. Petites escapades en France ou plus grandes escapades en Europe, selon la &hellip; <a href=\"https:\/\/mamiloubullesdereve.ovh\/?page_id=6497\">Continuer la lecture <span class=\"meta-nav\">&rarr;<\/span><\/a><\/p>\n","protected":false},"author":1,"featured_media":0,"parent":0,"menu_order":0,"comment_status":"closed","ping_status":"closed","template":"","meta":[],"_links":{"self":[{"href":"https:\/\/mamiloubullesdereve.ovh\/index.php?rest_route=\/wp\/v2\/pages\/6497"}],"collection":[{"href":"https:\/\/mamiloubullesdereve.ovh\/index.php?rest_route=\/wp\/v2\/pages"}],"about":[{"href":"https:\/\/mamiloubullesdereve.ovh\/index.php?rest_route=\/wp\/v2\/types\/page"}],"author":[{"embeddable":true,"href":"https:\/\/mamiloubullesdereve.ovh\/index.php?rest_route=\/wp\/v2\/users\/1"}],"replies":[{"embeddable":true,"href":"https:\/\/mamiloubullesdereve.ovh\/index.php?rest_route=%2Fwp%2Fv2%2Fcomments&post=6497"}],"version-history":[{"count":6,"href":"https:\/\/mamiloubullesdereve.ovh\/index.php?rest_route=\/wp\/v2\/pages\/6497\/revisions"}],"predecessor-version":[{"id":6634,"href":"https:\/\/mamiloubullesdereve.ovh\/index.php?rest_route=\/wp\/v2\/pages\/6497\/revisions\/6634"}],"wp:attachment":[{"href":"https:\/\/mamiloubullesdereve.ovh\/index.php?rest_route=%2Fwp%2Fv2%2Fmedia&parent=6497"}],"curies":[{"name":"wp","href":"https:\/\/api.w.org\/{rel}","templated":true}]}}